8?
2, 3, 191, 351803
List the prime factors of 3492653888.
2, 137, 398341
What are the prime factors of 44431212?
2, 3, 7, 43, 12301
List the prime factors of 60761042.
2, 487, 62383
What are the prime factors of 764240957?
37, 20655161
What are the prime factors of 137357221?
79, 1738699
List the prime factors of 38428262.
2, 17, 23, 157, 313
What are the prime factors of 204062365?
5, 13, 3139421
List the prime factors of 3777697928.
2, 23, 37, 554891
List the prime factors of 1298612387.
1867, 695561
List the prime factors of 823269480.
2, 3, 5, 11, 31, 59
What are the prime factors of 156863863?
13, 47, 139, 1847
List the prime factors of 122197402.
2, 139, 439559
What are the prime factors of 3339323390?
2, 5, 13, 1975931
List the prime factors of 55821124.
2, 181, 77101
List the prime factors of 937599270.
2, 3, 5, 19, 107, 15373
What are the prime factors of 21015172?
2, 197, 26669
What are the prime factors of 548791124?
2, 7, 19599683
List the prime factors of 129923632.
2, 499, 16273
List the prime factors of 127927659.
3, 5323, 8011
List the prime factors of 1278327126.
2, 3, 213054521
What are the prime factors of 537177405?
3, 5, 19, 1884833
What are the prime factors of 93073364?
2, 23, 1011667
List the prime factors of 93622841.
13, 647, 11131
List the prime factors of 1019947250.
2, 5, 7, 139, 599
What are the prime factors of 69947963?
457, 153059
What are the prime factors of 125152589?
17, 239, 30803
List the prime factors of 375246650.
2, 5, 179, 41927
List the prime factors of 212022556.
2, 23, 2304593
List the prime factors of 41645596.
2, 1223, 8513
What are the prime factors of 7737900161?
7737900161
List the prime factors of 66588791.
6131, 10861
List the prime factors of 1133328824.
2, 4957, 28579
What are the prime factors of 3443358445?
5, 688671689
What are the prime factors of 1056493314?
2, 3, 313, 62507
What are the prime factors of 27583362?
2, 3, 510803
What are the prime factors of 275623139?
11, 19, 31, 2239
What are the prime factors of 42806061?
3, 137, 149, 233
List the prime factors of 15346103.
197, 77899
List the prime factors of 656810595.
3, 5, 7, 43, 48491
What are the prime factors of 82499846?
2, 11, 13, 288461
List the prime factors of 311157983.
67, 4644149
List the prime factors of 1067541650.
2, 5, 7, 43, 89, 797
List the prime factors of 467203631.
89, 5249479
List the prime factors of 142550667.
3, 7, 59, 38351
List the prime factors of 293672605.
5, 61, 962861
What are the prime factors of 25722369?
3, 2858041
List the prime factors of 1571619435.
3, 5, 71, 383, 3853
What are the prime factors of 105383281?
229, 460189
What are the prime factors of 79829536?
2, 2494673
What are the prime factors of 227396849?
227396849
List the prime factors of 344132538.
2, 3, 57355423
What are the prime factors of 104280984?
2, 3, 29, 49943
List the prime factors of 599740834.
2, 7, 11, 71, 54851
List the prime factors of 41260149.
3, 7, 654923
What are the prime factors of 271104041?
13, 151, 138107
List the prime factors of 88954012.
2, 7, 453847
What are the prime factors of 38133410?
2, 5, 7, 31, 17573
List the prime factors of 57662452.
2, 14415613
List the prime factors of 5106988903.
7559, 675617
List the prime factors of 52065235.
5, 97, 107351
List the prime factors of 312416790.
2, 3, 5, 7, 191, 7789
List the prime factors of 19193296.
2, 47, 25523
What are the prime factors of 40224277?
40224277
List the prime factors of 62268799.
53, 1174883
What are the prime factors of 533932588?
2, 7, 19069021
List the prime factors of 1571347075.
5, 563, 111641
What are the prime factors of 22062603?
3, 7354201
List the prime factors of 53973058.
2, 467, 57787
What are the prime factors of 1838405711?
1838405711
List the prime factors of 475955795.
5, 7, 19, 107, 6689
List the prime factors of 143649404.
2, 41, 761, 1151
What are the prime factors of 8514289?
7, 103, 241
What are the prime factors of 703774344?
2, 3, 7, 13, 79, 4079
What are the prime factors of 414771177?
3, 138257059
What are the prime factors of 126338659?
401, 315059
What are the prime factors of 131801277?
3, 2089, 21031
What are the prime factors of 1185516965?
5, 353, 671681
What are the prime factors of 4346024?
2, 543253
List the prime factors of 388020280.
2, 5, 19, 510553
List the prime factors of 516500952.
2, 3, 11, 821, 2383
What are the prime factors of 1760627889?
3, 195625321
What are the prime factors of 113071068?
2, 3, 11, 285533
List the prime factors of 381952473.
3, 7, 233, 251, 311
List the prime factors of 122382883.
7, 53, 329873
What are the prime factors of 3531115228?
2, 89, 307, 32309
List the prime factors of 1085495637.
3, 361831879
List the prime factors of 862285817.
349, 383, 6451
What are the prime factors of 1382109?
3, 73, 6311
What are the prime factors of 279447934?
2, 19, 387047
What are the prime factors of 500360709?
3, 166786903
List the prime factors of 277201443.
3, 92400481
List the prime factors of 1132741825.
5, 859, 52747
What are the prime factors of 148917253?
349, 426697
List the prime factors of 3432698623.
3432698623
What are the prime factors of 192325747?
23, 547, 15287
What are the prime factors of 1504696207?
7, 214956601
What are the prime factors of 8747076625?
5, 7, 9996659
List the prime factors of 156783042.
2, 3, 13, 23, 29131
What are the prime factors of 66842169?
3, 31, 53, 71, 191
What are the prime factors of 94959514?
2, 13, 29, 125941
List the prime factors of 24286867.
11, 2207897
What are the prime factors of 86455949?
577, 149837
What are the prime factors of 62799871?
62799871
What are the prime factors of 1120343091?
3, 7, 37, 1441883
What are the prime factors of 206103857?
83, 2483179
What are the prime factors of 6952966104?
2, 3, 7, 41386703
List the prime factors of 94540970.
2, 5, 47, 201151
What are the prime factors of 48356471?
157, 308003
List the prime factors of 85157864.
2, 11, 87973
What are the prime factors of 204549986?
2, 37, 863, 3203
What are the prime factors of 666332106?
2, 3, 11, 137, 73693
List the prime factors of 2528561190.
2, 3, 5, 31, 2718883
What are the prime factors of 357974919?
3, 39774991
List the prime factors of 1326400905.
3, 5, 88426727
What are the prime factors of 170116914?
2, 3, 11, 89, 28961
What are the prime factors of 14531156?
2, 3632789
List the prime factors of 217862194.
2, 11, 97, 9281
List the prime factors of 446309842.
2, 11, 20286811
What are the prime factors of 3128347128?
2, 3, 263, 495619
What are the prime factors of 52370919?
3, 5818991
List the prime factors of 91749407.
91749407
List the prime factors of 410757168.
2, 3, 67, 337, 379
List the prime factors of 1015453279.
1015453279
List the prime factors of 339518569.
13, 1171, 22303
What are the prime factors of 55054867?
7, 463, 16987
List the prime factors of 3704795956.
2, 926198989
What are the prime factors of 3528168531?
3, 41, 699617
What are the prime factors of 1082292855?
3, 5, 7, 193, 53407
What are the prime factors of 324905046?
2, 3, 2131, 25411
List the prime factors of 45729482.
2, 2659, 8599
What are the prime factors of 3478313725?
5, 47, 2960267
What are the prime factors of 202077793?
17, 23, 89, 5807
List the prime factors of 139289097.
3, 1627, 28537
List the prime factors of 437596963.
15329, 28547
What are the prime factors of 136164148?
2, 173, 196769
List the prime factors of 23227245.
3, 5, 516161
What are the prime factors of 1234428026?
2, 13, 479, 99119
List the prime factors of 39623180.
2, 5, 1981159
List the prime factors of 20204979.
3, 6734993
List the prime factors of 114995327.
17, 109, 229, 271
What are the prime factors of 48298685?
5, 9659737
What are the prime factors of 416257389?
3, 53, 872657
List the prime factors of 545055804.
2, 3, 41, 47, 97
What are the prime factors of 551333202?
2, 3, 7, 31, 60493
What are the prime factors of 20919509?
13, 1609193
List the prime factors of 1673242028.
2, 283, 1478129
What are the prime factors of 1236793307?
163, 7587689
What are the prime factors of 83178093?
3, 17, 1630943
List the prime factors of 4302364500.
2, 3, 5, 7, 73, 1871
List the prime factors of 329259750.
2, 3, 5, 443, 991
What are the prime factors of 5256788980?
2, 5, 2351, 111799
List the prim